he units digit of n?
2
Let f(l) = 2*l**2 + l + 7. Let x(i) = i**3 + 3*i**2 - 1. Let g(t) = -t + 3. Let b be g(5). Let v be x(b). What is the units digit of f(v)?
8
Suppose -4 - 4 = -4*m. Let v(h) = -9 + h - m*h + 15 - 4*h. What is the tens digit of v(-3)?
2
Suppose 96 = -4*s + 2*j, -19 = -4*s - 2*j - 131. Let q = -4 - s. What is the units digit of q?
2
Let c = 78 + -112. Let g = c - -37. What is the units digit of g?
3
Let g(z) = -12*z**3 - 8*z**2 - 40*z + 21. What is the tens digit of g(-6)?
6
Let q(z) = 2*z**3 + z**2 - z. Let d be q(-2). Let p = -31 - 35. What is the units digit of p/d - 2/(-5)?
7
Let y(p) be the second derivative of 3*p**4/4 + p**3/6 + p**2/2 - 4*p. Let z be y(2). Suppose -2*o = -5*t - z, -o = o - 4*t - 42. What is the tens digit of o?
2
Suppose 17 = 3*y + 29. What is the tens digit of ((-2580)/(-11))/3 + y/22?
7
Suppose -40*w + 44*w = 8. Let g be (-3 - 0 - -2) + 8. Let d = g + w. What is the units digit of d?
9
Suppose -4*t - 16 = -12*t. Suppose -t*a = -x - 154, 4*x = 4*a - x - 302. What is the units digit of a?
8
Let i(k) = -4*k**3 + 15*k**2 + 5*k - 7. Let a(n) be the first derivative of n**4/4 - n**3/3 - 1. Let w(t) = 5*a(t) + i(t). What is the units digit of w(-9)?
9
Suppose 0 = 6*f - f. Suppose -7*o + 2*o + 10 = f. Suppose -5*t = -o*g + 49, -3*g - 5*t - 13 = -49. What is the units digit of g?
7
Suppose 2 = 5*q + 12. Let g be q + 0 + (2 - 4). What is the units digit of (-10)/g*(-72)/(-30)?
6
Let t = 435 + -431. Let p(k) = -k**3 + 40. Let d be p(0). Suppose 0 = t*u - 4*h - 16, -2*h = 5*u + 3*h - d. What is the units digit of u?
6
Let v(c) = -c**2 - 11*c - 9. Let o be v(-9). Let i(q) = 11*q - 17. What is the tens digit of i(o)?
8
Let d(o) = -11*o + 174. What is the hundreds digit of d(-6)?
2
Suppose -17460 = -5*w - 5*v, 70*w - 3*v = 74*w - 13965. What is the tens digit of w?
8
Suppose -2 = -2*w + 4. Let m be 11/w - (-1)/3. Suppose 5*j - 5*f = 0, -m*j - 5*f + 10 = j. What is the units digit of j?
1
Let w(g) = 3*g**2 - 24*g - 17. Let y be w(11). Let i = 43 + y. What is the tens digit of i?
2
Let i(v) = -v - 1. Let h(b) be the second derivative of -19*b**4/12 + 7*b**3/6 + 3*b**2 + 3*b. Let j(q) = -h(q) - 6*i(q). What is the units digit of j(1)?
8
Let l = 1614 + 418. What is the tens digit of l?
3
What is the thousands digit of (4043/26 + 3)/((-1)/(-10))?
1
Let z = 3888 + 487. What is the tens digit of z?
7
Suppose 5*h - 451 = y, -h = 5*y + 1829 + 296. Suppose 2*l + 9 = -3. What is the units digit of y/(-18) + 4/l?
3
What is the tens digit of -8016*(336/36)/(-14)?
4
Suppose -3*u + 12 = 0, -11*i + 16*i + 3*u = 17. What is the units digit of i?
1
What is the units digit of (15 - 19)/(-1 + 2) - -3847?
3
Let m be (-2)/4 + (-1682)/(-4). Let i = -288 + m. What is the hundreds digit of i?
1
Let i be 284/2 + 6 + -3. Suppose -4*f + i = f. Suppose -4*h + f = -7. What is the units digit of h?
9
Suppose j - 5*n - 13 + 2 = 0, 0 = 2*n. Let p = j - -15. What is the units digit of p?
6
Let i = -394 - -1053. What is the tens digit of i?
5
Let m(x) = -x**2 - 16*x - 20. Let d be m(-11). Let n = d + -14. What is the tens digit of n?
2
Suppose -2490 = 11*y - 26*y. Let c = y - 69. What is the units digit of c?
7
Let b(k) = 6*k**2 + 5*k - 1. Let j(m) = m + 3. Let a be j(-1). Let z be b(a). Suppose -z = -2*f - 15. What is the units digit of f?
9
Let r(q) = 9*q**2 - 3*q + 86. What is the units digit of r(-14)?
2
Let r = 12 - 9. Suppose -6*u + r*u + 165 = 3*m, -4 = -2*u. What is the tens digit of m?
5
Let a(y) = -20*y**3 - 5*y**2 - 18*y - 5. What is the units digit of a(-5)?
0
Suppose -3*v - f + 925 = 0, 2*v - 246 = -5*f + 375. What is the tens digit of v?
0
What is the tens digit of (-1526)/21*(3 - 18)?
9
Suppose 17608 = -1017*f + 1021*f. What is the thousands digit of f?
4
Let d = 125 + 57. Let z = d - 134. What is the tens digit of z?
4
Let c(a) = a**3 + 12*a**2 + 3*a - 9. Let r be c(-12). Let b be r/6*(-816)/(-20). What is the tens digit of b/(-15) - 10/25?
2
What is the hundreds digit of 30/(24/108 - (-85)/(-504))?
5
Let r(y) = -y**2 - 8*y - 5. Suppose 6*a = 2*a + 48. Let q be (-2)/3*90/a. What is the units digit of r(q)?
0
Suppose -11*w = -3*w - 96. Suppose 183 + w = b. What is the units digit of b?
5
Let j(b) = -16*b**3 + 3 + 5*b + 15*b**3 - b**2 - 3*b**2. Let h be j(-5). Suppose 33 = 2*a - h*z, 25 = 5*a - 4*z - 61. What is the units digit of a?
8
Let h(y) = -y**3 + 4*y**2 + 2*y - 4. Let o be h(4). Suppose -w - o*d = 4*w - 23, 0 = -w - d + 4. What is the units digit of w?
7
Suppose -6 = 4*s + 18. Let r = 9 + s. Suppose a + r = 11. What is the units digit of a?
8
Let o(g) = 4*g**3 + 8 - 19*g**2 - 16*g - 3*g**3 - 10*g**2 + 33*g**2. What is the tens digit of o(6)?
7
Suppose -5 = k, -44*i = -49*i - 2*k + 1795. What is the units digit of i?
1
Let k = 955 - -3300. What is the thousands digit of k?
4
Let k(f) = 5*f - 14. Let b be k(4). Suppose 8*c = b*c + 50. What is the units digit of c?
5
Let r = -1242 - -1807. What is the units digit of r?
5
Let f be 1/(9/6)*15. Let m(r) = -r**2 + 11*r + 8. Let v be m(f). Suppose -h = -51 + v. What is the units digit of h?
3
What is the thousands digit of 100264/72 + (-4)/(-9)?
1
Let f be 30/9*(-12)/10. What is the hundreds digit of 676/6 + f/(-3)?
1
Suppose 71*w - 61*w = 1920. What is the units digit of w?
2
Suppose 3*a = 2*s + 487, 2*a + 4*s - 124 = 190. What is the tens digit of (a/(-14))/(2 + 5/(-2))?
2
Suppose 0 = -5*q + 3*z + 1363, 0 = -14*q + 18*q + z - 1087. What is the hundreds digit of q?
2
What is the units digit of (-2)/(-10) + 61838/35 + -12?
5
What is the tens digit of (222/3)/(20/170) + 1?
3
What is the units digit of -8 + 13/(65/2260)?
4
Let o be 72 - (-2 + 1 + -2). Suppose -5*y - 2*d = -o, d + 45 = 3*y - d. Suppose -3*s = 2*s + y, 0 = -b + 5*s + 51. What is the units digit of b?
6
Suppose 42 = 5*t + 17. Suppose 2059 = t*x + 714. What is the hundreds digit of x?
2
Let v be (0/(-1 + -4))/(-1). Suppose 2*q - 4*q - 5*b + 254 = v, -5*q - b = -589. What is the hundreds digit of q?
1
Suppose 0 = 10*q - 6*q - 132. Suppose 0 = 2*b - 177 + q. What is the tens digit of b?
7
Let f be ((-3)/(-4))/(7/(-28)). Let c = 15 - f. What is the tens digit of c?
1
Let v(u) = -432*u - 46. What is the tens digit of v(-6)?
4
Let l(o) = o**3 + o**2 - o. Let m(x) = 3*x**3 + 15*x**2 - 13*x + 1. Let y(v) = 2*l(v) - m(v). What is the units digit of y(-14)?
1
Suppose 3*c + q + q - 1936 = 0, -2578 = -4*c - q. Suppose 5*l - c = -2*l. What is the tens digit of l?
9
Suppose -12*x = -0*x + 60. Let z = 41 - 25. What is the units digit of (0 - x) + z/4?
9
Let s be 12/9*(-9)/(-2). Let u(k) = -k**2 + 6*k + 1. Let t be u(s). Suppose -4*l - 3*h = -t - 38, -4*h + 40 = 4*l. What is the units digit of l?
9
Suppose -28*p - 138 = -30*p. What is the units digit of p + -4 + 0 + 1?
6
Suppose -120 = 2*m - 10*m. Suppose 2*j + 3*j = m. Suppose j*p - 69 = -w + 106, 0 = -3*w - 6. What is the tens digit of p?
5
Let j(q) = 15*q + 954. What is the tens digit of j(0)?
5
Suppose -9953 = -14*k + 5293. What is the hundreds digit of k?
0
Let s(q) = 64*q + 6. Let r(x) = -x - 1. Let d(w) = 2*r(w) + s(w). What is the tens digit of d(2)?
2
Suppose 4 + 32 = 4*j. Let k be ((-12)/j)/(36/(-27)). Let c(u) = 41*u**3 + u**2 - u + 1. What is the tens digit of c(k)?
4
Let s(d) = d**2 - 7*d - 27. Let k be s(12). What is the tens digit of 6/k - 2106/(-33)?
6
Let c(r) = r**2 + r - 2. Let a be c(-3). Suppose g - 179 = 4*f + 30, 5*f + 847 = a*g. What is the units digit of g?
3
Let n(b) = -b**2 + 2*b + 1. Let f be n(2). Suppose -y + 3 = -f. Suppose -5*q = -d + 1 - 12, -y*d - 2*q + 66 = 0. What is the tens digit of d?
1
Let z be 2/12*(7 - -59). Suppose 3248 = -z*w + 27*w. What is the tens digit of w?
0
Let k(t) = t - 36. Let s be k(0). Let x = -20 - s. Let v = x + 25. What is the units digit of v?
1
Let d(m) = -11*m - 1. Let n(u) = 39*u + 3. Let o(r) = -18*d(r) - 5*n(r). Let b = -1 + 6. What is the units digit of o(b)?
8
Let s(u) = -46*u + 15. What is the units digit of s(-16)?
1
Let p(w) = -w**2 + 14*w + 33. Let x be 24*(-1)/(9/(-2) - -3). What is the units digit of p(x)?
1
Let l(z) = 7*z**2 + 3. Let c = -24 - -22. What is the units digit of l(c)?
1
Suppose -17 = -b - 7. Suppose 0 = 4*s - 4*z - 510 - b, -5*z - 400 = -3*s. What is the units digit of s?
5
Let y = -66 - -110. Le